{"id":575,"date":"2020-05-01T18:41:02","date_gmt":"2020-05-01T16:41:02","guid":{"rendered":"https:\/\/llengues.umh.es\/?page_id=575"},"modified":"2024-12-19T15:14:55","modified_gmt":"2024-12-19T14:14:55","slug":"normativa","status":"publish","type":"page","link":"https:\/\/llengues.umh.es\/en\/presentacion\/normativa\/","title":{"rendered":"Normativa"},"content":{"rendered":"<p><a href=\"https:\/\/llengues.umh.es\/files\/2020\/05\/NORMATIVA-DE-L\u00daS-DEL-VALENCI\u00c0.pdf\" target=\"_blank\" rel=\"noopener noreferrer\">NORMATIVA RELACIONADA AMB L&#8217;\u00daS DEL VALENCI\u00c0<\/a><\/p>\n<h3><strong>NORMATIVA GENERAL<\/strong><\/h3>\n<ul>\n<li>Constituci\u00f3 espanyola de 1978<\/li>\n<li>Estatut d\u2019Autonomia de la Comunitat Valenciana 1982<\/li>\n<li>Estatut d\u2019Autonomia de la Comunitat Valenciana 2006<\/li>\n<li>LUEV: Llei 4\/1983, de 23 de novembre, d\u2019\u00fas i ensenyament del valenci\u00e0<\/li>\n<li>La Llei 10\/2010, de 9 de juliol, de la Generalitat, d\u2019ordenaci\u00f3 i gesti\u00f3 de la funci\u00f3 p\u00fablica valenciana<\/li>\n<li>Acad\u00e8mia Valenciana de la Llengua<\/li>\n<li>T\u00edtols universitaris oficials<\/li>\n<li>Reglament de selecci\u00f3, provisi\u00f3 de llocs de treball i mobilitat del personal de la funci\u00f3 p\u00fablica valenciana<\/li>\n<li>Decret 61\/2017, pel qual es regulen els usos institucionals i administratius de les lleng\u00fces oficials en l\u2019Administraci\u00f3 de la Generalitat<\/li>\n<li>Ordre 3\/2020. Compet\u00e8ncia ling\u00fc\u00edstica necess\u00e0ria per a l\u2019acc\u00e9s i l\u2019exercici de la funci\u00f3 docent en el sistema educatiu valenci\u00e0<\/li>\n<li>Carta europea de les lleng\u00fces regionals o minorit\u00e0ries<\/li>\n<li>Text ref\u00f3s de la Llei de l\u2019Estatut b\u00e0sic de l\u2019empleat p\u00fablic<\/li>\n<li>Llei 39\/2015, d\u20191 d\u2019octubre, del procediment administratiu com\u00fa de les administracions p\u00fabliques<\/li>\n<li>Llei 1\/2011, de 22 de mar\u00e7, de la Generalitat, per la qual s\u2019aprova l\u2019Estatut dels Consumidors i Usuaris de la Comunitat Valenciana<\/li>\n<\/ul>\n<h3><strong>NORMATIVA, CRITERIS I DOCUMENTACI\u00d3 DE LA UMH<\/strong><\/h3>\n<ul>\n<li>Estatuts UMH<\/li>\n<li>Criteris d&#8217;adscripci\u00f3 de doc\u00e8ncia UMH<\/li>\n<li>Recomanacions i criteris de catalogaci\u00f3 de la llengua de doc\u00e8ncia en t\u00edtols de grau i m\u00e0ster<\/li>\n<li>Criteris ling\u00fc\u00edstics per als usos institucionals de les universitats valencianes<\/li>\n<\/ul>\n<h3><strong>CURSOS I CERTIFICATS DE VALENCI\u00c0<\/strong><\/h3>\n<ul>\n<li>Reconeixement de certificats de valenci\u00e0 a altres administracions<\/li>\n<li>Ordre 7\/2017 que regula els certificats de coneixements de valenci\u00e0 de la JQCV<\/li>\n<li>Conveni interuniversitari sobre cursos i certificats de valenci\u00e0<\/li>\n<li>Validesa dels certificats de la UMH<\/li>\n<li>Equival\u00e8ncies amb els certificats de valenci\u00e0 de la UMH<\/li>\n<li>Comissi\u00f3 Interuniversit\u00e0ria d\u2019Estandaritzaci\u00f3 d\u2019Acreditacions de Coneixements de Valenci\u00e0 (CIEACOVA)<\/li>\n<\/ul>\n<p><\/p>","protected":false},"excerpt":{"rendered":"<p>NORMATIVA RELACIONADA AMB L&#8217;\u00daS DEL VALENCI\u00c0<br \/>\nNORMATIVA GENERAL<\/p>\n<p>Constituci\u00f3 espanyola de 1978<br \/>\nEstatut d\u2019Autonomia de la Comunitat Valenciana 1982<br \/>\nEstatut d\u2019Autonomia de la Comunitat Valenciana 2006<br \/>\nLUEV: Llei 4\/1983, de 23 de novembre, d\u2019\u00fas i ensenyament del valenci\u00e0<br \/>\nLa Llei 10\/2010, de 9 de juliol, de la Generalitat, d\u2019ordenaci\u00f3 i gesti\u00f3 de la funci\u00f3 p\u00fablica valenciana<br \/>\nAcad\u00e8mia Valenciana de la Llengua<br \/>\nT\u00edtols universitaris [&#8230;]<\/p>\n","protected":false},"author":3564,"featured_media":0,"parent":11,"menu_order":15,"comment_status":"closed","ping_status":"closed","template":"","meta":{"_links_to":"","_links_to_target":""},"_links":{"self":[{"href":"https:\/\/llengues.umh.es\/en\/wp-json\/wp\/v2\/pages\/575"}],"collection":[{"href":"https:\/\/llengues.umh.es\/en\/wp-json\/wp\/v2\/pages"}],"about":[{"href":"https:\/\/llengues.umh.es\/en\/wp-json\/wp\/v2\/types\/page"}],"author":[{"embeddable":true,"href":"https:\/\/llengues.umh.es\/en\/wp-json\/wp\/v2\/users\/3564"}],"replies":[{"embeddable":true,"href":"https:\/\/llengues.umh.es\/en\/wp-json\/wp\/v2\/comments?post=575"}],"version-history":[{"count":0,"href":"https:\/\/llengues.umh.es\/en\/wp-json\/wp\/v2\/pages\/575\/revisions"}],"up":[{"embeddable":true,"href":"https:\/\/llengues.umh.es\/en\/wp-json\/wp\/v2\/pages\/11"}],"wp:attachment":[{"href":"https:\/\/llengues.umh.es\/en\/wp-json\/wp\/v2\/media?parent=575"}],"curies":[{"name":"wp","href":"https:\/\/api.w.org\/{rel}","templated":true}]}}

<p><a href="https://llengues.umh.es/files/2020/05/NORMATIVA-DE-LÚS-DEL-VALENCIÀ.pdf" target="_blank" rel="noopener noreferrer">NORMATIVA RELACIONADA AMB L&#8217;ÚS DEL VALENCIÀ</a></p>
<h3><strong>NORMATIVA GENERAL</strong></h3>
<ul>
<li>Constitució espanyola de 1978</li>
<li>Estatut d’Autonomia de la Comunitat Valenciana 1982</li>
<li>Estatut d’Autonomia de la Comunitat Valenciana 2006</li>
<li>LUEV: Llei 4/1983, de 23 de novembre, d’ús i ensenyament del valencià</li>
<li>La Llei 10/2010, de 9 de juliol, de la Generalitat, d’ordenació i gestió de la funció pública valenciana</li>
<li>Acadèmia Valenciana de la Llengua</li>
<li>Títols universitaris oficials</li>
<li>Reglament de selecció, provisió de llocs de treball i mobilitat del personal de la funció pública valenciana</li>
<li>Decret 61/2017, pel qual es regulen els usos institucionals i administratius de les llengües oficials en l’Administració de la Generalitat</li>
<li>Ordre 3/2020. Competència lingüística necessària per a l’accés i l’exercici de la funció docent en el sistema educatiu valencià</li>
<li>Carta europea de les llengües regionals o minoritàries</li>
<li>Text refós de la Llei de l’Estatut bàsic de l’empleat públic</li>
<li>Llei 39/2015, d’1 d’octubre, del procediment administratiu comú de les administracions públiques</li>
<li>Llei 1/2011, de 22 de març, de la Generalitat, per la qual s’aprova l’Estatut dels Consumidors i Usuaris de la Comunitat Valenciana</li>
</ul>
<h3><strong>NORMATIVA, CRITERIS I DOCUMENTACIÓ DE LA UMH</strong></h3>
<ul>
<li>Estatuts UMH</li>
<li>Criteris d&#8217;adscripció de docència UMH</li>
<li>Recomanacions i criteris de catalogació de la llengua de docència en títols de grau i màster</li>
<li>Criteris lingüístics per als usos institucionals de les universitats valencianes</li>
</ul>
<h3><strong>CURSOS I CERTIFICATS DE VALENCIÀ</strong></h3>
<ul>
<li>Reconeixement de certificats de valencià a altres administracions</li>
<li>Ordre 7/2017 que regula els certificats de coneixements de valencià de la JQCV</li>
<li>Conveni interuniversitari sobre cursos i certificats de valencià</li>
<li>Validesa dels certificats de la UMH</li>
<li>Equivalències amb els certificats de valencià de la UMH</li>
<li>Comissió Interuniversitària d’Estandarització d’Acreditacions de Coneixements de Valencià (CIEACOVA)</li>
</ul>
<p></p>

<p>NORMATIVA RELACIONADA AMB L&#8217;ÚS DEL VALENCIÀ<br />
NORMATIVA GENERAL</p>
<p>Constitució espanyola de 1978<br />
Estatut d’Autonomia de la Comunitat Valenciana 1982<br />
Estatut d’Autonomia de la Comunitat Valenciana 2006<br />
LUEV: Llei 4/1983, de 23 de novembre, d’ús i ensenyament del valencià<br />
La Llei 10/2010, de 9 de juliol, de la Generalitat, d’ordenació i gestió de la funció pública valenciana<br />
Acadèmia Valenciana de la Llengua<br />
Títols universitaris [&#8230;]</p>
