{"id":3349,"date":"2024-12-19T15:11:12","date_gmt":"2024-12-19T14:11:12","guid":{"rendered":"https:\/\/llengues.umh.es\/?page_id=3349"},"modified":"2024-12-19T15:12:44","modified_gmt":"2024-12-19T14:12:44","slug":"politica-ambiental","status":"publish","type":"page","link":"https:\/\/llengues.umh.es\/es\/presentacion\/politica-ambiental\/","title":{"rendered":"<span lang=\"ca\">(Valenci\u00e0) Pol\u00edtica ambiental<\/span>"},"content":{"rendered":"<p class=\"qtranxs-available-languages-message qtranxs-available-languages-message-es\">Disculpa, pero esta entrada est\u00e1 disponible s\u00f3lo en <a href=\"https:\/\/llengues.umh.es\/ca\/wp-json\/wp\/v2\/pages\/3349\" class=\"qtranxs-available-language-link qtranxs-available-language-link-ca\" title=\"Valenci\u00e0\">Catal\u00e1n<\/a>.<\/p>","protected":false},"excerpt":{"rendered":"<p>Disculpa, pero esta entrada est\u00e1 disponible s\u00f3lo en Catal\u00e1n.<\/p>\n","protected":false},"author":4823,"featured_media":0,"parent":11,"menu_order":4,"comment_status":"closed","ping_status":"closed","template":"","meta":{"_links_to":"","_links_to_target":""},"_links":{"self":[{"href":"https:\/\/llengues.umh.es\/es\/wp-json\/wp\/v2\/pages\/3349"}],"collection":[{"href":"https:\/\/llengues.umh.es\/es\/wp-json\/wp\/v2\/pages"}],"about":[{"href":"https:\/\/llengues.umh.es\/es\/wp-json\/wp\/v2\/types\/page"}],"author":[{"embeddable":true,"href":"https:\/\/llengues.umh.es\/es\/wp-json\/wp\/v2\/users\/4823"}],"replies":[{"embeddable":true,"href":"https:\/\/llengues.umh.es\/es\/wp-json\/wp\/v2\/comments?post=3349"}],"version-history":[{"count":0,"href":"https:\/\/llengues.umh.es\/es\/wp-json\/wp\/v2\/pages\/3349\/revisions"}],"up":[{"embeddable":true,"href":"https:\/\/llengues.umh.es\/es\/wp-json\/wp\/v2\/pages\/11"}],"wp:attachment":[{"href":"https:\/\/llengues.umh.es\/es\/wp-json\/wp\/v2\/media?parent=3349"}],"curies":[{"name":"wp","href":"https:\/\/api.w.org\/{rel}","templated":true}]}}

<span lang="ca">(Valencià) Política ambiental</span>

<p class="qtranxs-available-languages-message qtranxs-available-languages-message-es">Disculpa, pero esta entrada está disponible sólo en <a href="https://llengues.umh.es/ca/wp-json/wp/v2/pages/3349" class="qtranxs-available-language-link qtranxs-available-language-link-ca" title="Valencià">Catalán</a>.</p>

<p>Disculpa, pero esta entrada está disponible sólo en Catalán.</p>
